{"version":"1.0","provider_name":"Colegio Pumahue Temuco","provider_url":"https:\/\/www.pumahue.cl\/temuco","author_name":"jorgedelcampo","author_url":"https:\/\/www.pumahue.cl\/temuco\/noticias\/author\/jorgedelcampo\/","title":"Conexi\u00f3n mundial por el cambio clim\u00e1tico - Colegio Pumahue Temuco","type":"rich","width":600,"height":338,"html":"<blockquote class=\"wp-embedded-content\" data-secret=\"nzvoguPkwJ\"><a href=\"https:\/\/www.pumahue.cl\/temuco\/noticias\/conexion-mundial-por-el-cambio-climatico\/\">Conexi\u00f3n mundial por el cambio clim\u00e1tico<\/a><\/blockquote><iframe sandbox=\"allow-scripts\" security=\"restricted\" src=\"https:\/\/www.pumahue.cl\/temuco\/noticias\/conexion-mundial-por-el-cambio-climatico\/embed\/#?secret=nzvoguPkwJ\" width=\"600\" height=\"338\" title=\"\u00abConexi\u00f3n mundial por el cambio clim\u00e1tico\u00bb \u2014 Colegio Pumahue Temuco\" data-secret=\"nzvoguPkwJ\" frameborder=\"0\" marginwidth=\"0\" marginheight=\"0\" scrolling=\"no\" class=\"wp-embedded-content\"><\/iframe><script type=\"text\/javascript\">\n\/* <![CDATA[ *\/\n\/*! This file is auto-generated *\/\n!function(d,l){\"use strict\";l.querySelector&&d.addEventListener&&\"undefined\"!=typeof URL&&(d.wp=d.wp||{},d.wp.receiveEmbedMessage||(d.wp.receiveEmbedMessage=function(e){var t=e.data;if((t||t.secret||t.message||t.value)&&!\/[^a-zA-Z0-9]\/.test(t.secret)){for(var s,r,n,a=l.querySelectorAll('iframe[data-secret=\"'+t.secret+'\"]'),o=l.querySelectorAll('blockquote[data-secret=\"'+t.secret+'\"]'),c=new RegExp(\"^https?:$\",\"i\"),i=0;i<o.length;i++)o[i].style.display=\"none\";for(i=0;i<a.length;i++)s=a[i],e.source===s.contentWindow&&(s.removeAttribute(\"style\"),\"height\"===t.message?(1e3<(r=parseInt(t.value,10))?r=1e3:~~r<200&&(r=200),s.height=r):\"link\"===t.message&&(r=new URL(s.getAttribute(\"src\")),n=new URL(t.value),c.test(n.protocol))&&n.host===r.host&&l.activeElement===s&&(d.top.location.href=t.value))}},d.addEventListener(\"message\",d.wp.receiveEmbedMessage,!1),l.addEventListener(\"DOMContentLoaded\",function(){for(var e,t,s=l.querySelectorAll(\"iframe.wp-embedded-content\"),r=0;r<s.length;r++)(t=(e=s[r]).getAttribute(\"data-secret\"))||(t=Math.random().toString(36).substring(2,12),e.src+=\"#?secret=\"+t,e.setAttribute(\"data-secret\",t)),e.contentWindow.postMessage({message:\"ready\",secret:t},\"*\")},!1)))}(window,document);\n\/\/# sourceURL=https:\/\/www.pumahue.cl\/temuco\/wp-includes\/js\/wp-embed.min.js\n\/* ]]> *\/\n<\/script>\n","thumbnail_url":"https:\/\/www.pumahue.cl\/temuco\/wp-content\/uploads\/sites\/49\/2025\/02\/cropped-logo_Pumahue_.png","thumbnail_width":512,"thumbnail_height":512,"description":"Nuestro Colegio en el d\u00eda de hoy, lunes 22 de mayo, particip\u00f3 de TED-ED Connect Week: Climate Edition!, instancia que busca conectar a estudiantes de todo el mundo en una conversaci\u00f3n en torno al tema del cambio clim\u00e1tico. Amanda Zablah, estudiante de II\u00b0 medio B, se registr\u00f3 para participar de este encuentro online, motivada por [&hellip;]"}

Conexión mundial por el cambio climático - Colegio Pumahue Temuco

<blockquote class="wp-embedded-content" data-secret="nzvoguPkwJ"><a href="https://www.pumahue.cl/temuco/noticias/conexion-mundial-por-el-cambio-climatico/">Conexión mundial por el cambio climático</a></blockquote><iframe sandbox="allow-scripts" security="restricted" src="https://www.pumahue.cl/temuco/noticias/conexion-mundial-por-el-cambio-climatico/embed/#?secret=nzvoguPkwJ" width="600" height="338" title="«Conexión mundial por el cambio climático» — Colegio Pumahue Temuco" data-secret="nzvoguPkwJ" frameborder="0" marginwidth="0" marginheight="0" scrolling="no" class="wp-embedded-content"></iframe><script type="text/javascript">
/* <![CDATA[ */
/*! This file is auto-generated */
!function(d,l){"use strict";l.querySelector&&d.addEventListener&&"undefined"!=typeof URL&&(d.wp=d.wp||{},d.wp.receiveEmbedMessage||(d.wp.receiveEmbedMessage=function(e){var t=e.data;if((t||t.secret||t.message||t.value)&&!/[^a-zA-Z0-9]/.test(t.secret)){for(var s,r,n,a=l.querySelectorAll('iframe[data-secret="'+t.secret+'"]'),o=l.querySelectorAll('blockquote[data-secret="'+t.secret+'"]'),c=new RegExp("^https?:$","i"),i=0;i<o.length;i++)o[i].style.display="none";for(i=0;i<a.length;i++)s=a[i],e.source===s.contentWindow&&(s.removeAttribute("style"),"height"===t.message?(1e3<(r=parseInt(t.value,10))?r=1e3:~~r<200&&(r=200),s.height=r):"link"===t.message&&(r=new URL(s.getAttribute("src")),n=new URL(t.value),c.test(n.protocol))&&n.host===r.host&&l.activeElement===s&&(d.top.location.href=t.value))}},d.addEventListener("message",d.wp.receiveEmbedMessage,!1),l.addEventListener("DOMContentLoaded",function(){for(var e,t,s=l.querySelectorAll("iframe.wp-embedded-content"),r=0;r<s.length;r++)(t=(e=s[r]).getAttribute("data-secret"))||(t=Math.random().toString(36).substring(2,12),e.src+="#?secret="+t,e.setAttribute("data-secret",t)),e.contentWindow.postMessage({message:"ready",secret:t},"*")},!1)))}(window,document);
//# sourceURL=https://www.pumahue.cl/temuco/wp-includes/js/wp-embed.min.js
/* ]]> */
</script>

Nuestro Colegio en el día de hoy, lunes 22 de mayo, participó de TED-ED Connect Week: Climate Edition!, instancia que busca conectar a estudiantes de todo el mundo en una conversación en torno al tema del cambio climático. Amanda Zablah, estudiante de II° medio B, se registró para participar de este encuentro online, motivada por [&hellip;]
